{"id":27680,"date":"2018-08-14T21:37:43","date_gmt":"2018-08-14T19:37:43","guid":{"rendered":"http:\/\/wordpress.feuerwehr-schwetzingen.de\/?page_id=27680"},"modified":"2018-08-14T21:39:58","modified_gmt":"2018-08-14T19:39:58","slug":"fwa-nea-ausser-dienst","status":"publish","type":"page","link":"https:\/\/www.feuerwehr-schwetzingen.de\/?page_id=27680","title":{"rendered":"FwA-NEA (au\u00dfer Dienst)"},"content":{"rendered":"ngg_shortcode_0_placeholder\n<table>\n<tr>\n<td width=\"15%\"><b><i>Rufname:<\/i><\/b><\/td>\n<td>&#8211;<\/td>\n<\/tr>\n<\/table>\n<p><b><i>Beschreibung\/Verwendungszweck:<\/i><\/b><\/p>\n<p>Der Rhein-Neckar-Kreis beschaffte dieses dieselgetriebene 50 kVA-Notstromaggregat um bei Gro\u00dfschadenslagen wie Hochwasser und Sturmsch\u00e4den oder bei Stromausfall in Ladenburg das F\u00fchrungs- und Lagezentrum mit Strom zu versorgen.<br \/>\nBei entsprechenden Lagen ist auch ein Einsatz bei den Feuerwehren in- und ausserhalb des Rhein-Neckar-Kreises vorgesehen.<\/p>\n","protected":false},"excerpt":{"rendered":"<p>&#8220; order_by=&#8220;sortorder&#8220; order_direction=&#8220;ASC&#8220; returns=&#8220;included&#8220; maximum_entity_count=&#8220;500&#8243;] Rufname: &#8211; Beschreibung\/Verwendungszweck: Der Rhein-Neckar-Kreis beschaffte dieses dieselgetriebene 50 kVA-Notstromaggregat um bei Gro\u00dfschadenslagen wie Hochwasser und Sturmsch\u00e4den oder bei Stromausfall in Ladenburg das F\u00fchrungs- und Lagezentrum mit Strom zu versorgen. Bei entsprechenden Lagen ist auch ein Einsatz bei den Feuerwehren in- und ausserhalb des Rhein-Neckar-Kreises vorgesehen.<\/p>\n","protected":false},"author":1,"featured_media":0,"parent":0,"menu_order":0,"comment_status":"closed","ping_status":"closed","template":"","meta":{"ngg_post_thumbnail":0,"footnotes":""},"class_list":["post-27680","page","type-page","status-publish","hentry"],"_links":{"self":[{"href":"https:\/\/www.feuerwehr-schwetzingen.de\/index.php?rest_route=\/wp\/v2\/pages\/27680","targetHints":{"allow":["GET"]}}],"collection":[{"href":"https:\/\/www.feuerwehr-schwetzingen.de\/index.php?rest_route=\/wp\/v2\/pages"}],"about":[{"href":"https:\/\/www.feuerwehr-schwetzingen.de\/index.php?rest_route=\/wp\/v2\/types\/page"}],"author":[{"embeddable":true,"href":"https:\/\/www.feuerwehr-schwetzingen.de\/index.php?rest_route=\/wp\/v2\/users\/1"}],"replies":[{"embeddable":true,"href":"https:\/\/www.feuerwehr-schwetzingen.de\/index.php?rest_route=%2Fwp%2Fv2%2Fcomments&post=27680"}],"version-history":[{"count":3,"href":"https:\/\/www.feuerwehr-schwetzingen.de\/index.php?rest_route=\/wp\/v2\/pages\/27680\/revisions"}],"predecessor-version":[{"id":27685,"href":"https:\/\/www.feuerwehr-schwetzingen.de\/index.php?rest_route=\/wp\/v2\/pages\/27680\/revisions\/27685"}],"wp:attachment":[{"href":"https:\/\/www.feuerwehr-schwetzingen.de\/index.php?rest_route=%2Fwp%2Fv2%2Fmedia&parent=27680"}],"curies":[{"name":"wp","href":"https:\/\/api.w.org\/{rel}","templated":true}]}}

FwA-NEA (außer Dienst)

ngg_shortcode_0_placeholder
<table>
<tr>
<td width="15%"><b><i>Rufname:</i></b></td>
<td>&#8211;</td>
</tr>
</table>
<p><b><i>Beschreibung/Verwendungszweck:</i></b></p>
<p>Der Rhein-Neckar-Kreis beschaffte dieses dieselgetriebene 50 kVA-Notstromaggregat um bei Großschadenslagen wie Hochwasser und Sturmschäden oder bei Stromausfall in Ladenburg das Führungs- und Lagezentrum mit Strom zu versorgen.<br />
Bei entsprechenden Lagen ist auch ein Einsatz bei den Feuerwehren in- und ausserhalb des Rhein-Neckar-Kreises vorgesehen.</p>

<p>&#8220; order_by=&#8220;sortorder&#8220; order_direction=&#8220;ASC&#8220; returns=&#8220;included&#8220; maximum_entity_count=&#8220;500&#8243;] Rufname: &#8211; Beschreibung/Verwendungszweck: Der Rhein-Neckar-Kreis beschaffte dieses dieselgetriebene 50 kVA-Notstromaggregat um bei Großschadenslagen wie Hochwasser und Sturmschäden oder bei Stromausfall in Ladenburg das Führungs- und Lagezentrum mit Strom zu versorgen. Bei entsprechenden Lagen ist auch ein Einsatz bei den Feuerwehren in- und ausserhalb des Rhein-Neckar-Kreises vorgesehen.</p>
