{"id":27700,"date":"2018-08-14T21:48:04","date_gmt":"2018-08-14T19:48:04","guid":{"rendered":"http:\/\/wordpress.feuerwehr-schwetzingen.de\/?page_id=27700"},"modified":"2018-08-14T21:48:36","modified_gmt":"2018-08-14T19:48:36","slug":"gw-t-ausser-dienst","status":"publish","type":"page","link":"https:\/\/www.feuerwehr-schwetzingen.de\/?page_id=27700","title":{"rendered":"GW-T (au\u00dfer Dienst)"},"content":{"rendered":"ngg_shortcode_0_placeholder\n<table>\n<tbody>\n<tr>\n<td><b><i>Rufname:<\/i><\/b><\/td>\n<td>Florian Schwetzingen 74<\/td>\n<\/tr>\n<tr>\n<td><b><i>Fahrgestell:<\/i><\/b><\/td>\n<td>MAN 12\/132<\/td>\n<\/tr>\n<tr>\n<td><b><i>Baujahr:<\/i><\/b><\/td>\n<td>1992<\/td>\n<\/tr>\n<tr>\n<td><b><i>Ausser Dienst:<\/i><\/b><\/td>\n<td>2015<\/td>\n<\/tr>\n<\/tbody>\n<\/table>\n<p><b><i>Beschreibung\/Verwendungszweck:<\/i><\/b><\/p>\n<p>Der Ger\u00e4tewagen &#8222;Transport&#8220; dient zum Transport von Einsatzger\u00e4ten und feuerwehrtechnischer Ausr\u00fcstung.<\/p>\n<p><b><i>Beladung\/ Ausstattung:<\/i><\/b><\/p>\n<ul>\n<li>Ladekran der Firma Hiab<\/li>\n<li>Anschlagmaterial<\/li>\n<li>Material zur Ladungssicherung<\/li>\n<\/ul>\n","protected":false},"excerpt":{"rendered":"<p>&#8220; order_by=&#8220;sortorder&#8220; order_direction=&#8220;ASC&#8220; returns=&#8220;included&#8220; maximum_entity_count=&#8220;500&#8243;] Rufname: Florian Schwetzingen 74 Fahrgestell: MAN 12\/132 Baujahr: 1992 Ausser Dienst: 2015 Beschreibung\/Verwendungszweck: Der Ger\u00e4tewagen &#8222;Transport&#8220; dient zum Transport von Einsatzger\u00e4ten und feuerwehrtechnischer Ausr\u00fcstung. Beladung\/ Ausstattung: Ladekran der Firma Hiab Anschlagmaterial Material zur Ladungssicherung<\/p>\n","protected":false},"author":1,"featured_media":0,"parent":0,"menu_order":0,"comment_status":"closed","ping_status":"closed","template":"","meta":{"ngg_post_thumbnail":0,"footnotes":""},"class_list":["post-27700","page","type-page","status-publish","hentry"],"_links":{"self":[{"href":"https:\/\/www.feuerwehr-schwetzingen.de\/index.php?rest_route=\/wp\/v2\/pages\/27700","targetHints":{"allow":["GET"]}}],"collection":[{"href":"https:\/\/www.feuerwehr-schwetzingen.de\/index.php?rest_route=\/wp\/v2\/pages"}],"about":[{"href":"https:\/\/www.feuerwehr-schwetzingen.de\/index.php?rest_route=\/wp\/v2\/types\/page"}],"author":[{"embeddable":true,"href":"https:\/\/www.feuerwehr-schwetzingen.de\/index.php?rest_route=\/wp\/v2\/users\/1"}],"replies":[{"embeddable":true,"href":"https:\/\/www.feuerwehr-schwetzingen.de\/index.php?rest_route=%2Fwp%2Fv2%2Fcomments&post=27700"}],"version-history":[{"count":2,"href":"https:\/\/www.feuerwehr-schwetzingen.de\/index.php?rest_route=\/wp\/v2\/pages\/27700\/revisions"}],"predecessor-version":[{"id":27702,"href":"https:\/\/www.feuerwehr-schwetzingen.de\/index.php?rest_route=\/wp\/v2\/pages\/27700\/revisions\/27702"}],"wp:attachment":[{"href":"https:\/\/www.feuerwehr-schwetzingen.de\/index.php?rest_route=%2Fwp%2Fv2%2Fmedia&parent=27700"}],"curies":[{"name":"wp","href":"https:\/\/api.w.org\/{rel}","templated":true}]}}

GW-T (außer Dienst)

ngg_shortcode_0_placeholder
<table>
<tbody>
<tr>
<td><b><i>Rufname:</i></b></td>
<td>Florian Schwetzingen 74</td>
</tr>
<tr>
<td><b><i>Fahrgestell:</i></b></td>
<td>MAN 12/132</td>
</tr>
<tr>
<td><b><i>Baujahr:</i></b></td>
<td>1992</td>
</tr>
<tr>
<td><b><i>Ausser Dienst:</i></b></td>
<td>2015</td>
</tr>
</tbody>
</table>
<p><b><i>Beschreibung/Verwendungszweck:</i></b></p>
<p>Der Gerätewagen &#8222;Transport&#8220; dient zum Transport von Einsatzgeräten und feuerwehrtechnischer Ausrüstung.</p>
<p><b><i>Beladung/ Ausstattung:</i></b></p>
<ul>
<li>Ladekran der Firma Hiab</li>
<li>Anschlagmaterial</li>
<li>Material zur Ladungssicherung</li>
</ul>

<p>&#8220; order_by=&#8220;sortorder&#8220; order_direction=&#8220;ASC&#8220; returns=&#8220;included&#8220; maximum_entity_count=&#8220;500&#8243;] Rufname: Florian Schwetzingen 74 Fahrgestell: MAN 12/132 Baujahr: 1992 Ausser Dienst: 2015 Beschreibung/Verwendungszweck: Der Gerätewagen &#8222;Transport&#8220; dient zum Transport von Einsatzgeräten und feuerwehrtechnischer Ausrüstung. Beladung/ Ausstattung: Ladekran der Firma Hiab Anschlagmaterial Material zur Ladungssicherung</p>
