{"id":27711,"date":"2018-08-14T21:54:49","date_gmt":"2018-08-14T19:54:49","guid":{"rendered":"http:\/\/wordpress.feuerwehr-schwetzingen.de\/?page_id=27711"},"modified":"2018-08-14T21:56:04","modified_gmt":"2018-08-14T19:56:04","slug":"mtw-ausser-dienst","status":"publish","type":"page","link":"https:\/\/www.feuerwehr-schwetzingen.de\/?page_id=27711","title":{"rendered":"MTW (au\u00dfer Dienst)"},"content":{"rendered":"ngg_shortcode_0_placeholder\n<table>\n<tbody>\n<tr>\n<td><b><i>Rufname:<\/i><\/b><\/td>\n<td>Florian Schwetzingen 19\/1<\/td>\n<\/tr>\n<tr>\n<td><b><i>Fahrgestell:<\/i><\/b><\/td>\n<td>VW T4, TDI<\/td>\n<\/tr>\n<tr>\n<td><b><i>Baujahr:<\/i><\/b><\/td>\n<td>1999<\/td>\n<\/tr>\n<tr>\n<td><b><i>Au\u00dferdienststellung:<\/i><\/b><\/td>\n<td>2015<\/td>\n<\/tr>\n<\/tbody>\n<\/table>\n<p><b><i>Beschreibung \/ Verwendungszweck:<\/i><\/b><\/p>\n<p>Der Mannschaftstransportwagen dient zur Bef\u00f6rderung von Einsatzkr\u00e4ften und kleinerem Ger\u00e4t.<\/p>\n<p><b><i>Beladung \/ Ausstattung:<\/i><\/b><\/p>\n<ul>\n<li>Handfunkger\u00e4t Motorola GP 900-11b<\/li>\n<li>Feuerl\u00f6scher<\/li>\n<li>Absperrmaterial<\/li>\n<\/ul>\n","protected":false},"excerpt":{"rendered":"<p>&#8220; order_by=&#8220;sortorder&#8220; order_direction=&#8220;ASC&#8220; returns=&#8220;included&#8220; maximum_entity_count=&#8220;500&#8243;] Rufname: Florian Schwetzingen 19\/1 Fahrgestell: VW T4, TDI Baujahr: 1999 Au\u00dferdienststellung: 2015 Beschreibung \/ Verwendungszweck: Der Mannschaftstransportwagen dient zur Bef\u00f6rderung von Einsatzkr\u00e4ften und kleinerem Ger\u00e4t. Beladung \/ Ausstattung: Handfunkger\u00e4t Motorola GP 900-11b Feuerl\u00f6scher Absperrmaterial<\/p>\n","protected":false},"author":1,"featured_media":0,"parent":0,"menu_order":0,"comment_status":"closed","ping_status":"closed","template":"","meta":{"ngg_post_thumbnail":0,"footnotes":""},"class_list":["post-27711","page","type-page","status-publish","hentry"],"_links":{"self":[{"href":"https:\/\/www.feuerwehr-schwetzingen.de\/index.php?rest_route=\/wp\/v2\/pages\/27711","targetHints":{"allow":["GET"]}}],"collection":[{"href":"https:\/\/www.feuerwehr-schwetzingen.de\/index.php?rest_route=\/wp\/v2\/pages"}],"about":[{"href":"https:\/\/www.feuerwehr-schwetzingen.de\/index.php?rest_route=\/wp\/v2\/types\/page"}],"author":[{"embeddable":true,"href":"https:\/\/www.feuerwehr-schwetzingen.de\/index.php?rest_route=\/wp\/v2\/users\/1"}],"replies":[{"embeddable":true,"href":"https:\/\/www.feuerwehr-schwetzingen.de\/index.php?rest_route=%2Fwp%2Fv2%2Fcomments&post=27711"}],"version-history":[{"count":3,"href":"https:\/\/www.feuerwehr-schwetzingen.de\/index.php?rest_route=\/wp\/v2\/pages\/27711\/revisions"}],"predecessor-version":[{"id":27713,"href":"https:\/\/www.feuerwehr-schwetzingen.de\/index.php?rest_route=\/wp\/v2\/pages\/27711\/revisions\/27713"}],"wp:attachment":[{"href":"https:\/\/www.feuerwehr-schwetzingen.de\/index.php?rest_route=%2Fwp%2Fv2%2Fmedia&parent=27711"}],"curies":[{"name":"wp","href":"https:\/\/api.w.org\/{rel}","templated":true}]}}

MTW (außer Dienst)

ngg_shortcode_0_placeholder
<table>
<tbody>
<tr>
<td><b><i>Rufname:</i></b></td>
<td>Florian Schwetzingen 19/1</td>
</tr>
<tr>
<td><b><i>Fahrgestell:</i></b></td>
<td>VW T4, TDI</td>
</tr>
<tr>
<td><b><i>Baujahr:</i></b></td>
<td>1999</td>
</tr>
<tr>
<td><b><i>Außerdienststellung:</i></b></td>
<td>2015</td>
</tr>
</tbody>
</table>
<p><b><i>Beschreibung / Verwendungszweck:</i></b></p>
<p>Der Mannschaftstransportwagen dient zur Beförderung von Einsatzkräften und kleinerem Gerät.</p>
<p><b><i>Beladung / Ausstattung:</i></b></p>
<ul>
<li>Handfunkgerät Motorola GP 900-11b</li>
<li>Feuerlöscher</li>
<li>Absperrmaterial</li>
</ul>

<p>&#8220; order_by=&#8220;sortorder&#8220; order_direction=&#8220;ASC&#8220; returns=&#8220;included&#8220; maximum_entity_count=&#8220;500&#8243;] Rufname: Florian Schwetzingen 19/1 Fahrgestell: VW T4, TDI Baujahr: 1999 Außerdienststellung: 2015 Beschreibung / Verwendungszweck: Der Mannschaftstransportwagen dient zur Beförderung von Einsatzkräften und kleinerem Gerät. Beladung / Ausstattung: Handfunkgerät Motorola GP 900-11b Feuerlöscher Absperrmaterial</p>
