{"id":27718,"date":"2018-08-14T21:59:51","date_gmt":"2018-08-14T19:59:51","guid":{"rendered":"http:\/\/wordpress.feuerwehr-schwetzingen.de\/?page_id=27718"},"modified":"2018-08-14T21:59:51","modified_gmt":"2018-08-14T19:59:51","slug":"mzf-ausser-dienst","status":"publish","type":"page","link":"https:\/\/www.feuerwehr-schwetzingen.de\/?page_id=27718","title":{"rendered":"MZF (au\u00dfer Dienst)"},"content":{"rendered":"ngg_shortcode_0_placeholder\n<table>\n<tbody>\n<tr>\n<td><b><i>Rufname:<\/i><\/b><\/td>\n<td>Florian Schwetzingen 74\/2<\/td>\n<\/tr>\n<tr>\n<td><b><i>Fahrgestell:<\/i><\/b><\/td>\n<td>Nissan Navara Kingcab<\/td>\n<\/tr>\n<tr>\n<td><b><i>Aufbauhersteller:<\/i><\/b><\/td>\n<td>Feuerwehr Schwetzingen<\/td>\n<\/tr>\n<tr>\n<td><b><i>Baujahr:<\/i><\/b><\/td>\n<td>2002<\/td>\n<\/tr>\n<tr>\n<td><b><i>Au\u00dferdienststellung:<\/i><\/b><\/td>\n<td>2012<\/td>\n<\/tr>\n<\/tbody>\n<\/table>\n<p><b><i>Beschreibung\/Verwendungszweck:<\/i><\/b><\/p>\n<p>Das Mehrzweckfahrzeug dient zum Transport von verschiedenen Ger\u00e4ten bei Hilfeleistungen. Ausserdem kann das Fahrzeug als F\u00fchrungsfahrzeug bei Eins\u00e4tzen in unwegsamem Gel\u00e4nde (z.B. Waldbr\u00e4nde) eingesetzt werden.<\/p>\n<p><b><i>Beladung\/ Ausstattung:<\/i><\/b><\/p>\n<ul>\n<li>Funkger\u00e4t 4m<\/li>\n<li>Funkger\u00e4t 2m<\/li>\n<li>Pulverl\u00f6scher<\/li>\n<li>Sanit\u00e4tsmaterial<\/li>\n<\/ul>\n","protected":false},"excerpt":{"rendered":"<p>&#8220; order_by=&#8220;sortorder&#8220; order_direction=&#8220;ASC&#8220; returns=&#8220;included&#8220; maximum_entity_count=&#8220;500&#8243;] Rufname: Florian Schwetzingen 74\/2 Fahrgestell: Nissan Navara Kingcab Aufbauhersteller: Feuerwehr Schwetzingen Baujahr: 2002 Au\u00dferdienststellung: 2012 Beschreibung\/Verwendungszweck: Das Mehrzweckfahrzeug dient zum Transport von verschiedenen Ger\u00e4ten bei Hilfeleistungen. Ausserdem kann das Fahrzeug als F\u00fchrungsfahrzeug bei Eins\u00e4tzen in unwegsamem Gel\u00e4nde (z.B. Waldbr\u00e4nde) eingesetzt werden. Beladung\/ Ausstattung: Funkger\u00e4t 4m Funkger\u00e4t 2m Pulverl\u00f6scher Sanit\u00e4tsmaterial<\/p>\n","protected":false},"author":1,"featured_media":0,"parent":0,"menu_order":0,"comment_status":"closed","ping_status":"closed","template":"","meta":{"ngg_post_thumbnail":0,"footnotes":""},"class_list":["post-27718","page","type-page","status-publish","hentry"],"_links":{"self":[{"href":"https:\/\/www.feuerwehr-schwetzingen.de\/index.php?rest_route=\/wp\/v2\/pages\/27718","targetHints":{"allow":["GET"]}}],"collection":[{"href":"https:\/\/www.feuerwehr-schwetzingen.de\/index.php?rest_route=\/wp\/v2\/pages"}],"about":[{"href":"https:\/\/www.feuerwehr-schwetzingen.de\/index.php?rest_route=\/wp\/v2\/types\/page"}],"author":[{"embeddable":true,"href":"https:\/\/www.feuerwehr-schwetzingen.de\/index.php?rest_route=\/wp\/v2\/users\/1"}],"replies":[{"embeddable":true,"href":"https:\/\/www.feuerwehr-schwetzingen.de\/index.php?rest_route=%2Fwp%2Fv2%2Fcomments&post=27718"}],"version-history":[{"count":2,"href":"https:\/\/www.feuerwehr-schwetzingen.de\/index.php?rest_route=\/wp\/v2\/pages\/27718\/revisions"}],"predecessor-version":[{"id":27720,"href":"https:\/\/www.feuerwehr-schwetzingen.de\/index.php?rest_route=\/wp\/v2\/pages\/27718\/revisions\/27720"}],"wp:attachment":[{"href":"https:\/\/www.feuerwehr-schwetzingen.de\/index.php?rest_route=%2Fwp%2Fv2%2Fmedia&parent=27718"}],"curies":[{"name":"wp","href":"https:\/\/api.w.org\/{rel}","templated":true}]}}

MZF (außer Dienst)

ngg_shortcode_0_placeholder
<table>
<tbody>
<tr>
<td><b><i>Rufname:</i></b></td>
<td>Florian Schwetzingen 74/2</td>
</tr>
<tr>
<td><b><i>Fahrgestell:</i></b></td>
<td>Nissan Navara Kingcab</td>
</tr>
<tr>
<td><b><i>Aufbauhersteller:</i></b></td>
<td>Feuerwehr Schwetzingen</td>
</tr>
<tr>
<td><b><i>Baujahr:</i></b></td>
<td>2002</td>
</tr>
<tr>
<td><b><i>Außerdienststellung:</i></b></td>
<td>2012</td>
</tr>
</tbody>
</table>
<p><b><i>Beschreibung/Verwendungszweck:</i></b></p>
<p>Das Mehrzweckfahrzeug dient zum Transport von verschiedenen Geräten bei Hilfeleistungen. Ausserdem kann das Fahrzeug als Führungsfahrzeug bei Einsätzen in unwegsamem Gelände (z.B. Waldbrände) eingesetzt werden.</p>
<p><b><i>Beladung/ Ausstattung:</i></b></p>
<ul>
<li>Funkgerät 4m</li>
<li>Funkgerät 2m</li>
<li>Pulverlöscher</li>
<li>Sanitätsmaterial</li>
</ul>

<p>&#8220; order_by=&#8220;sortorder&#8220; order_direction=&#8220;ASC&#8220; returns=&#8220;included&#8220; maximum_entity_count=&#8220;500&#8243;] Rufname: Florian Schwetzingen 74/2 Fahrgestell: Nissan Navara Kingcab Aufbauhersteller: Feuerwehr Schwetzingen Baujahr: 2002 Außerdienststellung: 2012 Beschreibung/Verwendungszweck: Das Mehrzweckfahrzeug dient zum Transport von verschiedenen Geräten bei Hilfeleistungen. Ausserdem kann das Fahrzeug als Führungsfahrzeug bei Einsätzen in unwegsamem Gelände (z.B. Waldbrände) eingesetzt werden. Beladung/ Ausstattung: Funkgerät 4m Funkgerät 2m Pulverlöscher Sanitätsmaterial</p>
