{"id":27740,"date":"2018-08-14T22:15:02","date_gmt":"2018-08-14T20:15:02","guid":{"rendered":"http:\/\/wordpress.feuerwehr-schwetzingen.de\/?page_id=27740"},"modified":"2018-08-14T22:15:02","modified_gmt":"2018-08-14T20:15:02","slug":"wsw","status":"publish","type":"page","link":"https:\/\/www.feuerwehr-schwetzingen.de\/?page_id=27740","title":{"rendered":"WSW"},"content":{"rendered":"ngg_shortcode_0_placeholder\n<table>\n<tbody>\n<tr>\n<td><b><i>Rufname:<\/i><\/b><\/td>\n<td>Florian Schwetzingen 17<\/td>\n<\/tr>\n<tr>\n<td><b><i>Fahrgestell:<\/i><\/b><\/td>\n<td>Volkswagen Caddy<\/td>\n<\/tr>\n<tr>\n<td><b><i>Aufbauhersteller:<\/i><\/b><\/td>\n<td>Feuerwehr Schwetzingen<\/td>\n<\/tr>\n<tr>\n<td><b><i>Baujahr:<\/i><\/b><\/td>\n<td>2012<\/td>\n<\/tr>\n<\/tbody>\n<\/table>\n<p><b><i>Beschreibung\/Verwendungszweck:<\/i><\/b><\/p>\n<p>Der Werkstattwagen dient zum Transport von verschiedenen Ger\u00e4ten, Nachschub und Mannschaft.<\/p>\n<p><b><i>Beladung\/ Ausstattung:<\/i><\/b><\/p>\n<ul>\n<li>Funkger\u00e4t 4m<\/li>\n<li>Funkger\u00e4t 2m<\/li>\n<li>Feuerl\u00f6scher<\/li>\n<li>Sanit\u00e4tsmaterial<\/li>\n<li>T\u00fcr\u00f6ffnungskoffer<\/li>\n<\/ul>\n","protected":false},"excerpt":{"rendered":"<p>&#8220; order_by=&#8220;sortorder&#8220; order_direction=&#8220;ASC&#8220; returns=&#8220;included&#8220; maximum_entity_count=&#8220;500&#8243;] Rufname: Florian Schwetzingen 17 Fahrgestell: Volkswagen Caddy Aufbauhersteller: Feuerwehr Schwetzingen Baujahr: 2012 Beschreibung\/Verwendungszweck: Der Werkstattwagen dient zum Transport von verschiedenen Ger\u00e4ten, Nachschub und Mannschaft. Beladung\/ Ausstattung: Funkger\u00e4t 4m Funkger\u00e4t 2m Feuerl\u00f6scher Sanit\u00e4tsmaterial T\u00fcr\u00f6ffnungskoffer<\/p>\n","protected":false},"author":1,"featured_media":0,"parent":0,"menu_order":0,"comment_status":"closed","ping_status":"closed","template":"","meta":{"ngg_post_thumbnail":0,"footnotes":""},"class_list":["post-27740","page","type-page","status-publish","hentry"],"_links":{"self":[{"href":"https:\/\/www.feuerwehr-schwetzingen.de\/index.php?rest_route=\/wp\/v2\/pages\/27740","targetHints":{"allow":["GET"]}}],"collection":[{"href":"https:\/\/www.feuerwehr-schwetzingen.de\/index.php?rest_route=\/wp\/v2\/pages"}],"about":[{"href":"https:\/\/www.feuerwehr-schwetzingen.de\/index.php?rest_route=\/wp\/v2\/types\/page"}],"author":[{"embeddable":true,"href":"https:\/\/www.feuerwehr-schwetzingen.de\/index.php?rest_route=\/wp\/v2\/users\/1"}],"replies":[{"embeddable":true,"href":"https:\/\/www.feuerwehr-schwetzingen.de\/index.php?rest_route=%2Fwp%2Fv2%2Fcomments&post=27740"}],"version-history":[{"count":2,"href":"https:\/\/www.feuerwehr-schwetzingen.de\/index.php?rest_route=\/wp\/v2\/pages\/27740\/revisions"}],"predecessor-version":[{"id":27742,"href":"https:\/\/www.feuerwehr-schwetzingen.de\/index.php?rest_route=\/wp\/v2\/pages\/27740\/revisions\/27742"}],"wp:attachment":[{"href":"https:\/\/www.feuerwehr-schwetzingen.de\/index.php?rest_route=%2Fwp%2Fv2%2Fmedia&parent=27740"}],"curies":[{"name":"wp","href":"https:\/\/api.w.org\/{rel}","templated":true}]}}

ngg_shortcode_0_placeholder
<table>
<tbody>
<tr>
<td><b><i>Rufname:</i></b></td>
<td>Florian Schwetzingen 17</td>
</tr>
<tr>
<td><b><i>Fahrgestell:</i></b></td>
<td>Volkswagen Caddy</td>
</tr>
<tr>
<td><b><i>Aufbauhersteller:</i></b></td>
<td>Feuerwehr Schwetzingen</td>
</tr>
<tr>
<td><b><i>Baujahr:</i></b></td>
<td>2012</td>
</tr>
</tbody>
</table>
<p><b><i>Beschreibung/Verwendungszweck:</i></b></p>
<p>Der Werkstattwagen dient zum Transport von verschiedenen Geräten, Nachschub und Mannschaft.</p>
<p><b><i>Beladung/ Ausstattung:</i></b></p>
<ul>
<li>Funkgerät 4m</li>
<li>Funkgerät 2m</li>
<li>Feuerlöscher</li>
<li>Sanitätsmaterial</li>
<li>Türöffnungskoffer</li>
</ul>

<p>&#8220; order_by=&#8220;sortorder&#8220; order_direction=&#8220;ASC&#8220; returns=&#8220;included&#8220; maximum_entity_count=&#8220;500&#8243;] Rufname: Florian Schwetzingen 17 Fahrgestell: Volkswagen Caddy Aufbauhersteller: Feuerwehr Schwetzingen Baujahr: 2012 Beschreibung/Verwendungszweck: Der Werkstattwagen dient zum Transport von verschiedenen Geräten, Nachschub und Mannschaft. Beladung/ Ausstattung: Funkgerät 4m Funkgerät 2m Feuerlöscher Sanitätsmaterial Türöffnungskoffer</p>
