{"id":45,"date":"2017-02-17T16:19:35","date_gmt":"2017-02-17T15:19:35","guid":{"rendered":"http:\/\/wordpress.feuerwehr-schwetzingen.de\/?page_id=45"},"modified":"2023-07-04T11:10:43","modified_gmt":"2023-07-04T09:10:43","slug":"gw-as","status":"publish","type":"page","link":"https:\/\/www.feuerwehr-schwetzingen.de\/?page_id=45","title":{"rendered":"GW &#8211; A\/S (au\u00dfer Dienst)"},"content":{"rendered":"ngg_shortcode_0_placeholder\n<table>\n<tr>\n<td><b><i>Rufname:<\/i><\/b><\/td>\n<td>Florian Schwetzingen 56<\/td>\n<\/tr>\n<tr>\n<td><b><i>Fahrgestell:<\/i><\/b><\/td>\n<td>Mercedes Benz 914<\/td>\n<\/tr>\n<tr>\n<td><b><i>Aufbauhersteller:<\/i><\/b><\/td>\n<td>Metz\/ Schmitz\/ Eigen<\/td>\n<\/tr>\n<tr>\n<td><b><i>Baujahr:<\/i><\/b><\/td>\n<td>1989<\/td>\n<\/tr>\n<tr>\n<td><b><i>Au\u00dferdienststellung:<\/i><\/b><\/td>\n<td>2022<\/td>\n<\/tr>\n<\/table>\n<p><b><i>Beschreibung\/Verwendungszweck:<\/i><\/b><\/p>\n<p>Ger\u00e4tewagen vom Typ GW A\/S (Atemschutz\/Strahlenschutz) sind f\u00fcr Eins\u00e4tze vorgesehen, f\u00fcr die entweder eine gro\u00dfe Anzahl von Atemschutzger\u00e4ten oder \u00fcber eine l\u00e4ngere Zeitdauer Atemschutzger\u00e4te notwendig sind. Die Zusatzbeladung &#8222;Strahlenschutz&#8220; enth\u00e4lt die Ausr\u00fcstung f\u00fcr Eins\u00e4tze mit dem Gefahrenpotential radioaktiver Stoffe bzw. biologischer Arbeitsstoffe. In Schwetzingen ist auf diesem Fahrzeug auch Mess- und Schutzausr\u00fcstung f\u00fcr Gefahrguteins\u00e4tze untergebracht. Die Besatzung besteht aus drei Feuerwehrangeh\u00f6rigen.<\/p>\n<p><b><i>Beladung\/ Ausstattung:<\/i><\/b><\/p>\n<p>Da im Jahr 2014 die Ersatzbeschaffung des GW A\/S durch ein Wechselladerfahrzeug mit Abrollbeh\u00e4lter durch die Feuerwehr Schwetzingen an<br \/>\nFinanzierungsvorbehalten des Landkreises scheiterte, wurde das Fahrzeug 2014\/ 2015 umgebaut und die Beladung auf die \u00f6rtlichen Belange reduziert.<br \/>\nDie aktuelle Beladung und Bilder davon werden in n\u00e4chster Zeit erg\u00e4nzt.<\/p>\n<p><b><i>Einsatztaktik:<\/i><\/b><\/p>\n<p><i><u>I. Allgemeine Einsatzgrunds\u00e4tze<\/u><\/i><br \/>\nDer GW-A\/S r\u00fcckt mit einer Besatzung 1:2 aus, als Fahrzeugf\u00fchrer fungiert ein ausgebildeter Atemschutzger\u00e4tewart (Zug- oder Gruppenf\u00fchrer).<br \/>\nDie Mannschaft besteht aus ausgebildeten Atemschutzger\u00e4tetr\u00e4gern. Wobei diese nur f\u00fcr den Einsatz am GW-A\/S gedacht sind.<br \/>\nAls Standort wird eine Stelle in der N\u00e4he der Einsatzleitung gew\u00e4hlt, die ausserhalb der Einwirkung von Brandrauch und\/oder Gefahrstoffen liegt.<br \/>\nIn Absprache mit der Einsatzleitung werden die Aufgaben festgelegt &#8211; Ausgabestelle, \u00dcberwachung, Messung, Strahlenschutz.<br \/>\nDie F\u00fchrungskr\u00e4fte an der Einsatzstelle beordern ihr Personal zum Empfang von Ger\u00e4tschaften zum GW-A\/S.<\/p>\n<p><i><u>II. Einsatz als &#8222;Ausgabestelle&#8220;<\/u><\/i><br \/>\nWird der GW-A\/S als reine &#8222;Ausgabestelle&#8220; genutzt, werden an die Trupps nur die ben\u00f6tigten Ger\u00e4te ausgegeben, bzw. verbrauchtes Material zur\u00fcckgenommen.<br \/>\n(Die Materialien werden in Ausgabelisten festgehalten)<\/p>\n<p><i><u>III. Einsatz mit &#8222;\u00dcberwachung&#8220;<\/u><\/i><br \/>\nWird der GW-A\/S zur \u00dcberwachung eingesetzt, werden die vorgehenden Trupps auch durch das Personal des GW-A\/S \u00fcberwacht<br \/>\n(Druckkontrolle, Zeitnahme etc.) &#8211; Der Fahrzeugf\u00fchrer k\u00f6nnte hier die Funktion eines<br \/>\n&#8222;Abschnittsleiters Atemschutz&#8220; innehaben.<\/p>\n<p><i><u>IV. Messeinsatz<\/u><\/i><br \/>\nBei einem Messeinsatz ist die Verteilung der Aufgaben davon abh\u00e4ngig, ob neben den Messaufgaben noch Material ausgegeben werden mu\u00df.<br \/>\nWird kein Material ausgegeben, k\u00f6nnen die Messungen unter Umst\u00e4nden durch das Personal des GW-A\/S durchgef\u00fchrt werden. Alle Messergebnisse werden sorgf\u00e4ltig<br \/>\ndokumentiert, und NUR der Einsatzleitung zug\u00e4nglich gemacht.<\/p>\n<p><u><i>V. Materialverbrauch<\/i><\/u><br \/>\nWenn m\u00f6glich werden zur\u00fcckkommende Materialien so schnell wie m\u00f6glich wieder einsatzbereit gemacht.<br \/>\nSo werden z.B. an den zur\u00fcckkommenden Atemschutzger\u00e4ten sofort die Flaschen gewechselt und das Ger\u00e4t mit einer Einsatzkurzpr\u00fcfung<br \/>\nwieder einsatzbereit gemacht. Leere Atemluftflaschen werden hierbei durch einen Pendelverkehr zur n\u00e4chsten F\u00fcllstation<br \/>\nwieder gef\u00fcllt. Auf einen mitgef\u00fchrten Atemluftkompressor wurde verzichtet, da bei mobilen<br \/>\nGer\u00e4ten die gesetzlich geforderte Reinheit der Atemluft nicht garantiert werden kann.<\/p>\n<p><u><i>VI. Strahlenschutzeinsatz<\/i><\/u><br \/>\nIm Falle eines Strahlenschutzeinsatzes wird der GW-A\/S von ELW und LF 16\/12 begeleitet. Hier kommt dann f\u00fcr den<br \/>\nStrahlenschutzeinsatz ausgebildetes (Strahlenschutzlehrgang and der LFS) Personal mit zur Einsatzstelle.<\/p>\n<p><u><i>VII. Einsatz mit biologischen Arbeitsstoffen<\/i><\/u><br \/>\nBei Eins\u00e4tzen mit biologischen Arbeitsstoffen erfolgen die Massnahmen entsprechend der FwDV 9\/2 &#8211;<br \/>\nmit der gleichen Mannschafts- und Fahrzeugzusammenstellung. In Bereichen von BIO III erfolgt der Einsatz mit<br \/>\nden mitgef\u00fchrten Chemikalienschutzanz\u00fcgen.<\/p>\n","protected":false},"excerpt":{"rendered":"<p>&#8220; order_by=&#8220;sortorder&#8220; order_direction=&#8220;ASC&#8220; returns=&#8220;included&#8220; maximum_entity_count=&#8220;500&#8243;] Rufname: Florian Schwetzingen 56 Fahrgestell: Mercedes Benz 914 Aufbauhersteller: Metz\/ Schmitz\/ Eigen Baujahr: 1989 Au\u00dferdienststellung: 2022 Beschreibung\/Verwendungszweck: Ger\u00e4tewagen vom Typ GW A\/S (Atemschutz\/Strahlenschutz) sind f\u00fcr Eins\u00e4tze vorgesehen, f\u00fcr die entweder eine gro\u00dfe Anzahl von Atemschutzger\u00e4ten oder \u00fcber eine l\u00e4ngere Zeitdauer Atemschutzger\u00e4te notwendig sind. Die Zusatzbeladung &#8222;Strahlenschutz&#8220; enth\u00e4lt die Ausr\u00fcstung f\u00fcr &hellip; <\/p>\n<p class=\"link-more\"><a href=\"https:\/\/www.feuerwehr-schwetzingen.de\/?page_id=45\" class=\"more-link\"><span class=\"screen-reader-text\">\u201eGW &#8211; A\/S (au\u00dfer Dienst)\u201c<\/span> weiterlesen<\/a><\/p>\n","protected":false},"author":1,"featured_media":0,"parent":0,"menu_order":0,"comment_status":"closed","ping_status":"closed","template":"","meta":{"ngg_post_thumbnail":0,"footnotes":""},"class_list":["post-45","page","type-page","status-publish","hentry"],"_links":{"self":[{"href":"https:\/\/www.feuerwehr-schwetzingen.de\/index.php?rest_route=\/wp\/v2\/pages\/45","targetHints":{"allow":["GET"]}}],"collection":[{"href":"https:\/\/www.feuerwehr-schwetzingen.de\/index.php?rest_route=\/wp\/v2\/pages"}],"about":[{"href":"https:\/\/www.feuerwehr-schwetzingen.de\/index.php?rest_route=\/wp\/v2\/types\/page"}],"author":[{"embeddable":true,"href":"https:\/\/www.feuerwehr-schwetzingen.de\/index.php?rest_route=\/wp\/v2\/users\/1"}],"replies":[{"embeddable":true,"href":"https:\/\/www.feuerwehr-schwetzingen.de\/index.php?rest_route=%2Fwp%2Fv2%2Fcomments&post=45"}],"version-history":[{"count":7,"href":"https:\/\/www.feuerwehr-schwetzingen.de\/index.php?rest_route=\/wp\/v2\/pages\/45\/revisions"}],"predecessor-version":[{"id":788198,"href":"https:\/\/www.feuerwehr-schwetzingen.de\/index.php?rest_route=\/wp\/v2\/pages\/45\/revisions\/788198"}],"wp:attachment":[{"href":"https:\/\/www.feuerwehr-schwetzingen.de\/index.php?rest_route=%2Fwp%2Fv2%2Fmedia&parent=45"}],"curies":[{"name":"wp","href":"https:\/\/api.w.org\/{rel}","templated":true}]}}

GW &#8211; A/S (außer Dienst)

ngg_shortcode_0_placeholder
<table>
<tr>
<td><b><i>Rufname:</i></b></td>
<td>Florian Schwetzingen 56</td>
</tr>
<tr>
<td><b><i>Fahrgestell:</i></b></td>
<td>Mercedes Benz 914</td>
</tr>
<tr>
<td><b><i>Aufbauhersteller:</i></b></td>
<td>Metz/ Schmitz/ Eigen</td>
</tr>
<tr>
<td><b><i>Baujahr:</i></b></td>
<td>1989</td>
</tr>
<tr>
<td><b><i>Außerdienststellung:</i></b></td>
<td>2022</td>
</tr>
</table>
<p><b><i>Beschreibung/Verwendungszweck:</i></b></p>
<p>Gerätewagen vom Typ GW A/S (Atemschutz/Strahlenschutz) sind für Einsätze vorgesehen, für die entweder eine große Anzahl von Atemschutzgeräten oder über eine längere Zeitdauer Atemschutzgeräte notwendig sind. Die Zusatzbeladung &#8222;Strahlenschutz&#8220; enthält die Ausrüstung für Einsätze mit dem Gefahrenpotential radioaktiver Stoffe bzw. biologischer Arbeitsstoffe. In Schwetzingen ist auf diesem Fahrzeug auch Mess- und Schutzausrüstung für Gefahrguteinsätze untergebracht. Die Besatzung besteht aus drei Feuerwehrangehörigen.</p>
<p><b><i>Beladung/ Ausstattung:</i></b></p>
<p>Da im Jahr 2014 die Ersatzbeschaffung des GW A/S durch ein Wechselladerfahrzeug mit Abrollbehälter durch die Feuerwehr Schwetzingen an<br />
Finanzierungsvorbehalten des Landkreises scheiterte, wurde das Fahrzeug 2014/ 2015 umgebaut und die Beladung auf die örtlichen Belange reduziert.<br />
Die aktuelle Beladung und Bilder davon werden in nächster Zeit ergänzt.</p>
<p><b><i>Einsatztaktik:</i></b></p>
<p><i><u>I. Allgemeine Einsatzgrundsätze</u></i><br />
Der GW-A/S rückt mit einer Besatzung 1:2 aus, als Fahrzeugführer fungiert ein ausgebildeter Atemschutzgerätewart (Zug- oder Gruppenführer).<br />
Die Mannschaft besteht aus ausgebildeten Atemschutzgeräteträgern. Wobei diese nur für den Einsatz am GW-A/S gedacht sind.<br />
Als Standort wird eine Stelle in der Nähe der Einsatzleitung gewählt, die ausserhalb der Einwirkung von Brandrauch und/oder Gefahrstoffen liegt.<br />
In Absprache mit der Einsatzleitung werden die Aufgaben festgelegt &#8211; Ausgabestelle, Überwachung, Messung, Strahlenschutz.<br />
Die Führungskräfte an der Einsatzstelle beordern ihr Personal zum Empfang von Gerätschaften zum GW-A/S.</p>
<p><i><u>II. Einsatz als &#8222;Ausgabestelle&#8220;</u></i><br />
Wird der GW-A/S als reine &#8222;Ausgabestelle&#8220; genutzt, werden an die Trupps nur die benötigten Geräte ausgegeben, bzw. verbrauchtes Material zurückgenommen.<br />
(Die Materialien werden in Ausgabelisten festgehalten)</p>
<p><i><u>III. Einsatz mit &#8222;Überwachung&#8220;</u></i><br />
Wird der GW-A/S zur Überwachung eingesetzt, werden die vorgehenden Trupps auch durch das Personal des GW-A/S überwacht<br />
(Druckkontrolle, Zeitnahme etc.) &#8211; Der Fahrzeugführer könnte hier die Funktion eines<br />
&#8222;Abschnittsleiters Atemschutz&#8220; innehaben.</p>
<p><i><u>IV. Messeinsatz</u></i><br />
Bei einem Messeinsatz ist die Verteilung der Aufgaben davon abhängig, ob neben den Messaufgaben noch Material ausgegeben werden muß.<br />
Wird kein Material ausgegeben, können die Messungen unter Umständen durch das Personal des GW-A/S durchgeführt werden. Alle Messergebnisse werden sorgfältig<br />
dokumentiert, und NUR der Einsatzleitung zugänglich gemacht.</p>
<p><u><i>V. Materialverbrauch</i></u><br />
Wenn möglich werden zurückkommende Materialien so schnell wie möglich wieder einsatzbereit gemacht.<br />
So werden z.B. an den zurückkommenden Atemschutzgeräten sofort die Flaschen gewechselt und das Gerät mit einer Einsatzkurzprüfung<br />
wieder einsatzbereit gemacht. Leere Atemluftflaschen werden hierbei durch einen Pendelverkehr zur nächsten Füllstation<br />
wieder gefüllt. Auf einen mitgeführten Atemluftkompressor wurde verzichtet, da bei mobilen<br />
Geräten die gesetzlich geforderte Reinheit der Atemluft nicht garantiert werden kann.</p>
<p><u><i>VI. Strahlenschutzeinsatz</i></u><br />
Im Falle eines Strahlenschutzeinsatzes wird der GW-A/S von ELW und LF 16/12 begeleitet. Hier kommt dann für den<br />
Strahlenschutzeinsatz ausgebildetes (Strahlenschutzlehrgang and der LFS) Personal mit zur Einsatzstelle.</p>
<p><u><i>VII. Einsatz mit biologischen Arbeitsstoffen</i></u><br />
Bei Einsätzen mit biologischen Arbeitsstoffen erfolgen die Massnahmen entsprechend der FwDV 9/2 &#8211;<br />
mit der gleichen Mannschafts- und Fahrzeugzusammenstellung. In Bereichen von BIO III erfolgt der Einsatz mit<br />
den mitgeführten Chemikalienschutzanzügen.</p>

<p>&#8220; order_by=&#8220;sortorder&#8220; order_direction=&#8220;ASC&#8220; returns=&#8220;included&#8220; maximum_entity_count=&#8220;500&#8243;] Rufname: Florian Schwetzingen 56 Fahrgestell: Mercedes Benz 914 Aufbauhersteller: Metz/ Schmitz/ Eigen Baujahr: 1989 Außerdienststellung: 2022 Beschreibung/Verwendungszweck: Gerätewagen vom Typ GW A/S (Atemschutz/Strahlenschutz) sind für Einsätze vorgesehen, für die entweder eine große Anzahl von Atemschutzgeräten oder über eine längere Zeitdauer Atemschutzgeräte notwendig sind. Die Zusatzbeladung &#8222;Strahlenschutz&#8220; enthält die Ausrüstung für &hellip; </p>
<p class="link-more"><a href="https://www.feuerwehr-schwetzingen.de/?page_id=45" class="more-link"><span class="screen-reader-text">„GW &#8211; A/S (außer Dienst)“</span> weiterlesen</a></p>
