{"id":46,"date":"2017-02-17T16:19:35","date_gmt":"2017-02-17T15:19:35","guid":{"rendered":"http:\/\/wordpress.feuerwehr-schwetzingen.de\/?page_id=46"},"modified":"2019-10-07T13:15:04","modified_gmt":"2019-10-07T11:15:04","slug":"kdow-ausser-dienst","status":"publish","type":"page","link":"https:\/\/www.feuerwehr-schwetzingen.de\/?page_id=46","title":{"rendered":"KdoW (au\u00dfer Dienst)"},"content":{"rendered":"ngg_shortcode_0_placeholder\n<table>\n<tr>\n<td><b><i>Rufname:<\/i><\/b><\/td>\n<td>Florian Schwetzingen 10<\/td>\n<\/tr>\n<tr>\n<td><b><i>Fahrgestell:<\/i><\/b><\/td>\n<td>AUDI A4 2,5 TDI quattro<\/td>\n<\/tr>\n<tr>\n<td><b><i>Baujahr:<\/i><\/b><\/td>\n<td>2001<\/td>\n<\/tr>\n<tr>\n<td><b><i>Au\u00dferdienststellung:<\/i><\/b><\/td>\n<td>2019<\/td>\n<\/tr>\n<\/table>\n<p><b><i>Beschreibung \/ Verwendungszweck:<\/i><\/b><\/p>\n<p>Der Kommandowagen dient dem Einsatzleiter als Hilfsmittel:<\/p>\n<ul>\n<li>zur Anfahrt der Einsatzstelle<\/li>\n<li>zur F\u00fchrung eines Zuges<\/li>\n<li>zur Erkundung von Einsatzstellen<\/li>\n<\/ul>\n<p><b><i>Beladung \/ Ausstattung:<\/i><\/b><\/p>\n<ul>\n<li>Mobiltelefon<\/li>\n<li>1 festeigebaute 4-m Funkger\u00e4te<\/li>\n<li>1 festeingebautes 2-m Funkger\u00e4t<\/li>\n<li>1 Pressluftatmer<\/li>\n<li>Einsatzpl\u00e4ne\/Unterlagen<\/li>\n<li>Photoausr\u00fcstung<\/li>\n<li>Sanit\u00e4tskoffer<\/li>\n<\/ul>\n","protected":false},"excerpt":{"rendered":"<p>Rufname: Florian Schwetzingen 10 Fahrgestell: AUDI A4 2,5 TDI quattro Baujahr: 2001 Au\u00dferdienststellung: 2019 Beschreibung \/ Verwendungszweck: Der Kommandowagen dient dem Einsatzleiter als Hilfsmittel: zur Anfahrt der Einsatzstelle zur F\u00fchrung eines Zuges zur Erkundung von Einsatzstellen Beladung \/ Ausstattung: Mobiltelefon 1 festeigebaute 4-m Funkger\u00e4te 1 festeingebautes 2-m Funkger\u00e4t 1 Pressluftatmer Einsatzpl\u00e4ne\/Unterlagen Photoausr\u00fcstung Sanit\u00e4tskoffer<\/p>\n","protected":false},"author":1,"featured_media":0,"parent":0,"menu_order":0,"comment_status":"closed","ping_status":"closed","template":"","meta":{"ngg_post_thumbnail":0,"footnotes":""},"class_list":["post-46","page","type-page","status-publish","hentry"],"_links":{"self":[{"href":"https:\/\/www.feuerwehr-schwetzingen.de\/index.php?rest_route=\/wp\/v2\/pages\/46","targetHints":{"allow":["GET"]}}],"collection":[{"href":"https:\/\/www.feuerwehr-schwetzingen.de\/index.php?rest_route=\/wp\/v2\/pages"}],"about":[{"href":"https:\/\/www.feuerwehr-schwetzingen.de\/index.php?rest_route=\/wp\/v2\/types\/page"}],"author":[{"embeddable":true,"href":"https:\/\/www.feuerwehr-schwetzingen.de\/index.php?rest_route=\/wp\/v2\/users\/1"}],"replies":[{"embeddable":true,"href":"https:\/\/www.feuerwehr-schwetzingen.de\/index.php?rest_route=%2Fwp%2Fv2%2Fcomments&post=46"}],"version-history":[{"count":8,"href":"https:\/\/www.feuerwehr-schwetzingen.de\/index.php?rest_route=\/wp\/v2\/pages\/46\/revisions"}],"predecessor-version":[{"id":411998,"href":"https:\/\/www.feuerwehr-schwetzingen.de\/index.php?rest_route=\/wp\/v2\/pages\/46\/revisions\/411998"}],"wp:attachment":[{"href":"https:\/\/www.feuerwehr-schwetzingen.de\/index.php?rest_route=%2Fwp%2Fv2%2Fmedia&parent=46"}],"curies":[{"name":"wp","href":"https:\/\/api.w.org\/{rel}","templated":true}]}}

KdoW (außer Dienst)

ngg_shortcode_0_placeholder
<table>
<tr>
<td><b><i>Rufname:</i></b></td>
<td>Florian Schwetzingen 10</td>
</tr>
<tr>
<td><b><i>Fahrgestell:</i></b></td>
<td>AUDI A4 2,5 TDI quattro</td>
</tr>
<tr>
<td><b><i>Baujahr:</i></b></td>
<td>2001</td>
</tr>
<tr>
<td><b><i>Außerdienststellung:</i></b></td>
<td>2019</td>
</tr>
</table>
<p><b><i>Beschreibung / Verwendungszweck:</i></b></p>
<p>Der Kommandowagen dient dem Einsatzleiter als Hilfsmittel:</p>
<ul>
<li>zur Anfahrt der Einsatzstelle</li>
<li>zur Führung eines Zuges</li>
<li>zur Erkundung von Einsatzstellen</li>
</ul>
<p><b><i>Beladung / Ausstattung:</i></b></p>
<ul>
<li>Mobiltelefon</li>
<li>1 festeigebaute 4-m Funkgeräte</li>
<li>1 festeingebautes 2-m Funkgerät</li>
<li>1 Pressluftatmer</li>
<li>Einsatzpläne/Unterlagen</li>
<li>Photoausrüstung</li>
<li>Sanitätskoffer</li>
</ul>

<p>Rufname: Florian Schwetzingen 10 Fahrgestell: AUDI A4 2,5 TDI quattro Baujahr: 2001 Außerdienststellung: 2019 Beschreibung / Verwendungszweck: Der Kommandowagen dient dem Einsatzleiter als Hilfsmittel: zur Anfahrt der Einsatzstelle zur Führung eines Zuges zur Erkundung von Einsatzstellen Beladung / Ausstattung: Mobiltelefon 1 festeigebaute 4-m Funkgeräte 1 festeingebautes 2-m Funkgerät 1 Pressluftatmer Einsatzpläne/Unterlagen Photoausrüstung Sanitätskoffer</p>
