{"id":49003,"date":"2018-08-15T13:38:49","date_gmt":"2018-08-15T11:38:49","guid":{"rendered":"https:\/\/www.feuerwehr-schwetzingen.de\/?page_id=49003"},"modified":"2018-08-15T13:44:21","modified_gmt":"2018-08-15T11:44:21","slug":"dlak-23-12","status":"publish","type":"page","link":"https:\/\/www.feuerwehr-schwetzingen.de\/?page_id=49003","title":{"rendered":"DL(A)K 23\/12"},"content":{"rendered":"ngg_shortcode_0_placeholder\n<table width=\"100%\">\n<tbody>\n<tr>\n<td><b><i>Rufname:<\/i><\/b><\/td>\n<td>Florian Schwetzingen 33<\/td>\n<\/tr>\n<tr>\n<td><b><i>Fahrgestell:<\/i><\/b><\/td>\n<td>MAN 15\/290 mit automatisiertem Schaltgetriebe<\/td>\n<\/tr>\n<tr>\n<td><b><i>Aufbauhersteller:<\/i><\/b><\/td>\n<td>Rosenbauer L32A XS 2.0<\/td>\n<\/tr>\n<tr>\n<td><b><i>Baujahr:<\/i><\/b><\/td>\n<td>2017<\/td>\n<\/tr>\n<\/tbody>\n<\/table>\n<p><b><i>Beschreibung\/Verwendungszweck:<\/i><\/b><\/p>\n<p>Drehleitern werden vorrangig zur Rettung von Menschen aus Notlagen in H\u00f6hen und Tiefen, zur Durchf\u00fchrung technischer Hilfeleistungen und zur Brandbek\u00e4mpfung eingesetzt. Die Rettungsh\u00f6he betr\u00e4gt 23 Meter bei einer Ausladung von 12 Metern mit einem Knickgelenk.<br \/>\nDer Rettungskorb ist bis zu 5 Personen bzw. 500 kg ausgelegt. Die Besatzung besteht aus drei Feuerwehrangeh\u00f6rigen.<\/p>\n<p><b><i>Beladung\/ Ausstattung:<\/i><\/b><\/p>\n<ul>\n<li>2 Pressluftatmer (Doppelflaschenger\u00e4te)<\/li>\n<li>1 Pressluftatmer in F\u00fchrerhaus<\/li>\n<li>Sprungretter System Lorsbach<\/li>\n<li>ferngesteuerter Wassserwerfer<\/li>\n<li>Absturzsicherung \/ Rollgliss<\/li>\n<li>Schleif-Korbtrage<\/li>\n<li>schwenkbare Krankentragenhalterung<\/li>\n<li>Aufnahmem\u00f6glichkeit einer Schwerlastkorbtrage bis 300kg<\/li>\n<li>\u00dcberdruckl\u00fcfter BatFan 45 (Akku)<\/li>\n<li>Stromerzeuger 14 kVA<\/li>\n<li>Elektrokettens\u00e4ge<\/li>\n<li>Flaschenzug 1:4<\/li>\n<li>PKW- Verfahrhilfen (Kojak)<\/li>\n<li>klappbare Schuttmulde<\/li>\n<li>Rollstuhlrampe<\/li>\n<li>WBK Fa. Rosenbauer Mi-Tic S3<\/li>\n<li>Gro\u00dffl\u00e4chenleuchte N8 LED<\/li>\n<\/ul>\n","protected":false},"excerpt":{"rendered":"<p>&#8220; order_by=&#8220;sortorder&#8220; order_direction=&#8220;ASC&#8220; returns=&#8220;included&#8220; maximum_entity_count=&#8220;500&#8243;] Rufname: Florian Schwetzingen 33 Fahrgestell: MAN 15\/290 mit automatisiertem Schaltgetriebe Aufbauhersteller: Rosenbauer L32A XS 2.0 Baujahr: 2017 Beschreibung\/Verwendungszweck: Drehleitern werden vorrangig zur Rettung von Menschen aus Notlagen in H\u00f6hen und Tiefen, zur Durchf\u00fchrung technischer Hilfeleistungen und zur Brandbek\u00e4mpfung eingesetzt. Die Rettungsh\u00f6he betr\u00e4gt 23 Meter bei einer Ausladung von 12 Metern &hellip; <\/p>\n<p class=\"link-more\"><a href=\"https:\/\/www.feuerwehr-schwetzingen.de\/?page_id=49003\" class=\"more-link\"><span class=\"screen-reader-text\">\u201eDL(A)K 23\/12\u201c<\/span> weiterlesen<\/a><\/p>\n","protected":false},"author":1,"featured_media":0,"parent":0,"menu_order":0,"comment_status":"closed","ping_status":"closed","template":"","meta":{"ngg_post_thumbnail":0,"footnotes":""},"class_list":["post-49003","page","type-page","status-publish","hentry"],"_links":{"self":[{"href":"https:\/\/www.feuerwehr-schwetzingen.de\/index.php?rest_route=\/wp\/v2\/pages\/49003","targetHints":{"allow":["GET"]}}],"collection":[{"href":"https:\/\/www.feuerwehr-schwetzingen.de\/index.php?rest_route=\/wp\/v2\/pages"}],"about":[{"href":"https:\/\/www.feuerwehr-schwetzingen.de\/index.php?rest_route=\/wp\/v2\/types\/page"}],"author":[{"embeddable":true,"href":"https:\/\/www.feuerwehr-schwetzingen.de\/index.php?rest_route=\/wp\/v2\/users\/1"}],"replies":[{"embeddable":true,"href":"https:\/\/www.feuerwehr-schwetzingen.de\/index.php?rest_route=%2Fwp%2Fv2%2Fcomments&post=49003"}],"version-history":[{"count":4,"href":"https:\/\/www.feuerwehr-schwetzingen.de\/index.php?rest_route=\/wp\/v2\/pages\/49003\/revisions"}],"predecessor-version":[{"id":49018,"href":"https:\/\/www.feuerwehr-schwetzingen.de\/index.php?rest_route=\/wp\/v2\/pages\/49003\/revisions\/49018"}],"wp:attachment":[{"href":"https:\/\/www.feuerwehr-schwetzingen.de\/index.php?rest_route=%2Fwp%2Fv2%2Fmedia&parent=49003"}],"curies":[{"name":"wp","href":"https:\/\/api.w.org\/{rel}","templated":true}]}}